b - 33 = u. Let k(q) = 2*q + 12. Determine k(u).
-4
Let x(y) = -y**3 - 7*y**2 - 6*y + 4. Let w be x(-6). Let i(z) = -z + 5. What is i(w)?
1
Suppose 0 = b + 2*b - 3*c + 15, 0 = 4*b + 3*c - 15. Suppose b = -5*m - v + 9, -m + 6*m + 5*v - 5 = 0. Let a(n) = 3*n**3 - 3*n**2 + n - 2. Determine a(m).
12
Let q(t) = 2 + 6*t + 6 - 2*t - 2*t. Let d be q(-6). Let i(w) = -2*w - 3. Give i(d).
5
Let i = 98 + -100. Let t(w) = 3*w**3 - 3*w**2 - w - 2. Let o(u) = -u**3 + u**2 + 1. Let n = 0 - 2. Let l(z) = n*o(z) - t(z). Determine l(i).
10
Let j = -26 + 12. Let n be (-2)/(-3) + j/(-6). Suppose 0 = g - 1 + 3, -9 = -n*z + 3*g. Let a(y) = 8*y - 1. Calculate a(z).
7
Let w(r) = r**2 - 8*r + 7. Let x be w(7). Let z(k) = k - k + x - 5 - 2*k. Let l be z(-4). Let h(v) = 2*v - 3. Determine h(l).
3
Let c be (-4 + 1)/(10/(-10)). Let q(x) be the third derivative of -5/24*x**4 - 2*x**2 + 2/3*x**3 - 1/120*x**6 + 0 + 1/15*x**5 + 0*x. What is q(c)?
-2
Suppose r + 25 = 4*p, -3*p + 3*r + 21 = -0*p. Suppose 8*s = p*s - 8. Let n(m) = m**3 + 4*m**2 - 5. Calculate n(s).
-5
Suppose -5*n + n + 16 = 0. Suppose -5*g + g - n = 0. Let b(l) be the second derivative of 2*l**5/5 - l**4/12 - l**3/3 - l**2/2 + 4*l + 2. Calculate b(g).
-8
Let u(o) = -5*o + 3. Let z(f) = f. Let t(j) = u(j) + 3*z(j). What is t(2)?
-1
Let u(y) be the first derivative of y + 0*y**2 + 7 + 1/4*y**4 + 1/3*y**3. Give u(0).
1
Let u(h) = -h**3 + 11*h**2 + 3. Let o be u(11). Suppose 2*t = -o*t. Let d(v) = -v**2 + v + 5. What is d(t)?
5
Let b(j) = j**2 + 4*j + 1. Let c = -24 + 20. Give b(c).
1
Suppose 0 = -5*c - 20, 2*h + c - 24 = 5*c. Let f(g) = g + 2 + 0*g**3 - 4*g**2 - 1 - 2*g**3 + 3*g**3. Determine f(h).
5
Let k(v) = -10*v**2 + 1. Let y(u) be the first derivative of -u**2/2 - 2. Let x be y(-2). Suppose 3*q + q + 4*r - 12 = 0, x*q - 12 = -5*r. What is k(q)?
-9
Let w(z) = z + 2. Suppose 0 = -t + 4*p - 14, 4*t + 0*t - 9 = 3*p. What is w(t)?
8
Let m(x) = -x**3 + 5*x**2 + 6*x + 1. Suppose 0*b = b - 6. What is m(b)?
1
Let k(m) be the first derivative of m**4/4 + m**3 + 2*m**2 + 2. Let t(p) = -p - 1. Let f be t(2). Determine k(f).
-12
Let w(g) = 6*g**2 + g. Let c be w(1). Let d(n) = -n**3 - 63 + c*n**2 + 63 - 5*n. Give d(6).
6
Let m(p) = 10*p**3 - 8*p**3 - 2*p - 1 - p**2 + 0*p**3. Let r be m(-1). Let g(c) = -c - 2 - 2 + 1. Calculate g(r).
-1
Let r(u) = -u**2 - 4*u + 3. Let i(g) = -g**3 - 7*g**2 - 7*g - 9. Let y be 6/((-2)/(1 + 1)). Let c be i(y). What is r(c)?
6
Let r be (-8 - 0) + (16 - 15). Let w(v) = v**3 + 8*v**2 + 6*v - 5. Calculate w(r).
2
Let u be ((-15)/(-6))/(1/2). Suppose -5*d + 4*g = 0, u*g - 32 = -3*d + g. Let b(n) = 6*n + 2. Let t(w) = w. Let r(c) = -b(c) + 8*t(c). Give r(d).
6
Let n(l) = -l**3 + 5*l**2 + 1. Let s(i) = 4*i**3 - 20*i**2 - i - 4. Let u(j) = -9*n(j) - 2*s(j). Let m = -21 - -40. Suppose -m = -3*a - 7. Determine u(a).
-9
Suppose -c = 2*c - 6. Suppose 3*q - 4*q + c = 0. Let j(v) = 1 - 4*v**2 + 2 - 3*v + 6*v**2. Give j(q).
5
Suppose 0 = -0*u + 3*u + 24. Let j = 11 + u. Let t(o) = 0 + j - 4 + 2*o**2. Determine t(1).
1
Let z(w) = -2*w - 146*w**2 + 147*w**2 - 8*w + 6 + 2. What is z(8)?
-8
Let d(x) = x**2 - 6*x - 2. Let c be 1/((-2)/((-10)/1)). What is d(c)?
-7
Suppose -4*o - 2*u = -0 - 20, -3*o + 17 = u. Let a = o + -2. Let f(i) = i**2 - 7*i + 4. Give f(a).
-6
Let l(t) = 2*t - 13. Let v be l(7). Let z(p) = 4 + 2*p**2 + 4*p**3 - 2*p**3 - p**3 + p - v. Suppose 12 = -4*a - 0*a. Give z(a).
-9
Let g(d) = -d**3 - 6*d**2 - 7*d + 4. Let s(t) = -2*t**3 - 11*t**2 - 14*t + 9. Let z(l) = 5*g(l) - 2*s(l). Determine z(-7).
2
Let q(d) = d**3 - d**2 + 1. Suppose 4*n + 20 = 0, 2*k - n = -4*n - 9. Suppose z = -k*z. Let v = z - 0. Calculate q(v).
1
Suppose -5 = 3*y - 11. Let m(s) = -3 + 2 - y*s + 2*s**3 + 2. Determine m(2).
13
Let v = -7 + 12. Suppose 3*i + 6 = 3*k - 9, i + v*k = 25. Let y(l) be the first derivative of l**3/3 + l**2/2 + 3*l - 7. Calculate y(i).
3
Let m(x) = -x - 7. Let b be m(-5). Let q(p) = 3*p**2 + 2*p - 2. What is q(b)?
6
Let o(l) be the second derivative of -5*l**3/6 - l**2 - 3*l. Give o(-4).
18
Let i(c) = -c**3 - 6*c**2 - c - 6. Let p be i(-6). Let f(h) = -h**3 + h**2 + h + 3. Determine f(p).
3
Let m(l) = -l - 12 + 22 - 9. Suppose 0 = 5*c + r - 21, 9*c - 15 = 4*c + 5*r. Give m(c).
-3
Let x = -14 + 19. Let k(b) = b - 5. Determine k(x).
0
Let d(a) = 0 - a + a**2 + 10 - 2 + 13*a. Calculate d(-11).
-3
Suppose -3*u + 11 + 109 = 0. Let o(d) = u*d**2 + 3*d - 4 - 39*d**2 - 4. Determine o(-6).
10
Let q(r) = -2*r + 0*r + 5*r. Determine q(-2).
-6
Let n(t) = -15*t**2 + t**3 - 18*t**2 + 28*t**2 - t + 4. Let o = 14 + -9. What is n(o)?
-1
Let i(g) = -6*g + 1. Let w(q) = 1. Let s(p) = 6*p - 7. Let r(o) = s(o) + 6*w(o). Let n(u) = 2*i(u) + 3*r(u). Calculate n(1).
5
Let q(x) be the second derivative of 7*x**6/720 + x**5/120 - x**4/4 - x. Let w(m) be the third derivative of q(m). Determine w(1).
8
Let l(g) = g - 1. Let p be l(2). Let o(z) = -75*z**2 + 34*z**2 + 34*z**2 + z. Calculate o(p).
-6
Let g(b) = b**2 - b + 2. Let c be g(2). Let h(t) = -t + 2. Calculate h(c).
-2
Let f(v) = v**2 - 3*v - 5. Let m(s) = 2*s**2 - 5*s - 10. Let p(a) = 11*f(a) - 6*m(a). Give p(-5).
-5
Suppose r - 4 = 0, -28 = -x - 4*x + 3*r. Suppose 0 = -4*c - 2*m - 0*m + x, 0 = m. Let q(n) = 18 - n**3 + 2*n**2 - n**2 - 2*n - 15. What is q(c)?
-5
Let m be ((-4)/16)/((-12)/16). Let l(i) be the first derivative of 1/4*i**4 + 3/2*i**2 + m*i**3 + 3*i + 1. Determine l(-2).
-7
Let k(q) = q**3 - 6*q**2 + 4*q + 3. Let m = 41 - 36. Determine k(m).
-2
Let v = -38 + 38. Let c(b) be the third derivative of 1/6*b**5 + 1/24*b**4 + v*b + 1/6*b**3 + 0 - b**2. Give c(-1).
10
Let g(f) be the second derivative of -f**3/6 + f**2/2 - f. Suppose 2 = 2*k - 4*a + 16, -2*a = -2*k - 6. Suppose n - 3 + k = 0. Determine g(n).
-1
Let w(z) = z**2 + 8*z + 8. Suppose -3*y + 14 = -5*y. Give w(y).
1
Suppose 2*z = 3*z - 15. Let b = z - 13. Let t(o) = 1 - o**2 + o**3 + 1 - 2*o + o. What is t(b)?
4
Let g(f) = 5*f + 1. Suppose -2*y - 20 = -2*t, 4*y + 4*t = -2 - 30. Let p(m) = -6 - m + 0 - 5. Let w be p(y). What is g(w)?
-9
Let h(c) = -4*c + 2 + 3*c - 6 + 2. Give h(-3).
1
Let p(c) = -4 + 6*c**2 + 6*c**2 - 5*c**2 + 4*c + 0*c**2 + c**3. Give p(-6).
8
Let o(y) = -2*y**3 - 11*y**2 + 7*y - 11. Let w(b) = b**3 + 6*b**2 - 4*b + 6. Let d(n) = 4*o(n) + 7*w(n). Give d(-3).
7
Suppose 5*k - 12 = 8*k. Let r(i) = -4*i. Let v(p) = -p. Let g(l) = r(l) - 3*v(l). Determine g(k).
4
Let m = -22 - -23. Let u(d) = 13*d. Give u(m).
13
Let h(u) = -2*u**2 + 4*u + 6. Let o(m) = -m**2 + m + 2. Let f(i) = 3*h(i) - 8*o(i). Determine f(-2).
2
Let b(a) = a**3 + 6*a**2 + 13*a - 10. Let s(u) = -3*u**3 - 18*u**2 - 37*u + 29. Let r(c) = -17*b(c) - 6*s(c). What is r(-6)?
-10
Let x(z) be the second derivative of 3*z - 1/2*z**3 + 0 + 3/2*z**2. Determine x(3).
-6
Let d(b) be the first derivative of b**2/2 - 4*b + 10. Let t be 7 - (3 + 8/(-4)). What is d(t)?
2
Let x(k) = 3*k**2 - 6*k. Let w(r) = -7*r**2 + 12*r + 1. Suppose 0 = -5*n + 20, 0*n - 35 = 3*v - 2*n. Let s(a) = v*x(a) - 4*w(a). Give s(-5).
-9
Suppose 8 + 8 = 4*c. Let j(w) = -w + 1. Calculate j(c).
-3
Let x(q) = -2*q**3 + q**2 + q. Suppose 40 = -5*p + 30. What is x(p)?
18
Let b(k) be the second derivative of k**5/20 - 5*k**4/12 + k**3/2 - 3*k**2/2 - 20*k. Determine b(3).
-12
Suppose 4 - 14 = -5*m. Let s(f) = 0*f - 1 + f**m + 3*f + 0*f**2 - 2*f**2. Let z(q) = -q - 3. Let p be z(-6). What is s(p)?
-1
Let j(y) be the second derivative of -y**5/20 + y**4/2 + 4*y**3/3 - y**2/2 + 3*y. What is j(7)?
6
Let k(a) = 5*a**2 + 6. Let n(s) = -s**2 - s - 1. Suppose 4*m + 1 = -y + 22, -m = y - 6. Let w(h) = y*k(h) + 6*n(h). Calculate w(-6).
0
Let x(t) = -2*t**3 - 13*t**2 + 13*t - 10. Let y(s) = s**3 + 6*s**2 - 6*s + 5. Let z(q) = -6*x(q) - 13*y(q). Suppose -v - 4*n = -n, 0 = 4*v + n. What is z(v)?
-5
Let w = -204 - -194. Let s(i) = -i**2 - 11*i - 15. Determine s(w).
-5
Let i = 12 - 12. Suppose 6*l - 8*l - 12 = i. Let u(o) = o**2 + 5*o - 6. What is u(l)?
0
Let h(v) = v**3 + 2*v**2 - v + 3. Suppose 3*n - 2 = 4. Let b = -5 + n. What is h(b)?
-3
Let b(q) be the first derivative of -1/3*q**3 + 5/2*q**2 + 1 + 0*q. What is b(4)?
4
Suppose y + 4 = 4*t + 2, 0 = -4*y - t + 9. Let l(s) = -4*s**3 + 4*s**3 - s**y + s + s**3 + 2. What is l(0)?
2
Suppose 0 = 2*s + 2*s + 4. Let i(o) = -15*o**3 - o. Give